 (base 4) in base 3?
10010002
What is -10173 (base 9) in base 8?
-15064
101120200 (base 3) to base 8
17041
-875 (base 9) to base 11
-5a1
3312 (base 10) to base 7
12441
Convert 31362 (base 11) to base 9.
68601
32a (base 16) to base 5
11220
What is 156145 (base 8) in base 9?
85350
Convert -65754 (base 8) to base 10.
-27628
1001220 (base 3) to base 10
780
What is 2111313 (base 4) in base 16?
2577
3938 (base 11) to base 2
1010000000011
112022012 (base 3) to base 13
4991
1546 (base 10) to base 5
22141
What is 23541 (base 8) in base 5?
310311
Convert 1cb80 (base 13) to base 16.
de38
370 (base 8) to base 10
248
What is -57a (base 16) in base 15?
-637
What is 10020022000 (base 3) in base 15?
13cc9
Convert 20424 (base 14) to base 2.
10010111101010000
445 (base 12) to base 3
212022
Convert 2136 (base 7) to base 3.
1001020
Convert 102102 (base 3) to base 7.
620
66722 (base 8) to base 13
ca48
What is -107 (base 15) in base 5?
-1412
34c (base 14) to base 5
10111
What is -21044 (base 6) in base 15?
-c91
What is -1b81 (base 16) in base 2?
-1101110000001
What is -2562 (base 7) in base 6?
-4303
What is 1870 (base 9) in base 12?
a00
What is 212 (base 16) in base 6?
2242
Convert 10140 (base 7) to base 11.
1953
Convert -2470 (base 10) to base 2.
-100110100110
Convert -881 (base 14) to base 8.
-3221
Convert -1030401 (base 5) to base 15.
-5336
-2102101 (base 3) to base 12
-1031
Convert 243342 (base 5) to base 8.
22006
What is 5c6 (base 14) in base 5?
14104
249 (base 15) to base 2
1000000111
What is 1566 (base 10) in base 8?
3036
What is 2324 (base 5) in base 15?
179
-1011001 (base 3) to base 7
-2305
Convert 1045 (base 6) to base 16.
f5
Convert -722c (base 14) to base 5.
-1112030
11133 (base 4) to base 12
253
What is 46 (base 8) in base 15?
28
-1000010000110 (base 2) to base 14
-1782
Convert -1184 (base 9) to base 10.
-886
Convert 21074 (base 9) to base 16.
365e
What is 41240 (base 7) in base 13?
477b
-320323 (base 4) to base 6
-24511
What is -15a3 (base 12) in base 4?
-220023
What is -3f21 (base 16) in base 3?
-211011120
-22121 (base 4) to base 7
-1640
1451 (base 7) to base 2
1000111111
What is -3160 (base 7) in base 6?
-5104
-1100210 (base 3) to base 4
-33201
What is eaf (base 16) in base 12?
2213
-2969 (base 15) to base 11
-6738
41074 (base 9) to base 3
1101002111
What is -311 (base 8) in base 5?
-1301
Convert -23434 (base 6) to base 10.
-3406
Convert 10850 (base 11) to base 13.
718c
What is 1342 (base 7) in base 6?
2224
9ea2 (base 16) to base 7
226253
What is 31635 (base 9) in base 5?
1132210
Convert -210202 (base 4) to base 8.
-4442
What is 10101011001110 (base 2) in base 11?
8262
Convert 10011100110 (base 2) to base 6.
5450
Convert -1446 (base 9) to base 5.
-13340
What is 63751 (base 8) in base 14?
99a1
Convert -11010101101011 (base 2) to base 6.
-143151
What is 1021111012 (base 3) in base 13?
b5a0
Convert -31313 (base 8) to base 5.
-404003
What is 20502 (base 9) in base 10?
13529
What is -15473 (base 9) in base 13?
-4a91
What is 4241 (base 5) in base 14?
2cb
Convert d37 (base 14) to base 3.
10120012
3dd8 (base 15) to base 10
13253
2345 (base 6) to base 10
569
1960 (base 16) to base 14
2520
What is -1313201 (base 4) in base 16?
-1de1
110000001 (base 2) to base 10
385
Convert -2b2e (base 16) to base 3.
-120011102
Convert -110 (base 15) to base 12.
-180
1a0 (base 15) to base 10
375
Convert -273 (base 12) to base 4.
-11313
What is -113031 (base 7) in base 10?
-20259
-101322 (base 4) to base 9
-1513
What is 30202 (base 4) in base 12?
56a
What is -16a7 (base 13) in base 9?
-4530
What is -302534 (base 6) in base 2?
-101110110011010
What is -10010122111 (base 3) in base 12?
-2b864
Convert 1117 (base 11) to base 16.
5be
Convert 1011114 (base 5) to base 10.
16409
What is 26000 (base 7) in base 12?
3b78
What is -1366b (base 12) in base 8?
-64363
Convert -26 (base 11) to base 8.
-34
2333202 (base 4) to base 8
27742
1430 (base 6) to base 5
3003
2001201 (base 3) to base 13
8b9
-74b (base 12) to base 14
-563
Convert -21232 (base 4) to base 14.
-326
Convert 10001010111011 (base 2) to base 14.
3351
Convert 63 (base 15) to base 13.
72
What is 294 (base 16) in base 6?
3020
-231130 (base 4) to base 16
-b5c
What is 3440204 (base 5) in base 2?
1111000111101001
Convert -1111111010 (base 2) to base 15.
-47d
Convert 15443 (base 6) to base 2.
100111110011
What is 401 (base 6) in base 10?
145
What is -399 (base 11) in base 13?
-2a3
What is 21303011 (base 4) in base 2?
1001110011000101
5645 (base 7) to base 16
7fa
Convert -38c6 (base 14) to base 4.
-2123312
What is -226760 (base 8) in base 16?
-12df0
-122222121 (base 3) to base 10
-13111
What is 102311 (base 4) in base 3?
1122122
-3c5 (base 14) to base 9
-1035
Convert 18 (base 11) to base 2.
10011
-e11e (base 16) to base 3
-2221001110
6770 (base 13) to base 12
8448
-1551 (base 11) to base 13
-ba3
What is 1cab (base 16) in base 8?
16253
Convert 120012222 (base 3) to base 15.
344b
Convert -43c9 (base 15) to base 8.
-34034
What is 5 (base 13) in base 5?
10
-2202012 (base 3) to base 5
-31003
-65a8 (base 15) to base 5
-1142113
-460 (base 12) to base 16
-288
Convert -55213 (base 7) to base 6.
-144004
Convert -22f (base 16) to base 9.
-681
208 (base 14) to base 5
3100
-41f6 (base 16) to base 4
-10013312
839 (base 11) to base 16
3f2
Convert 3047 (base 8) to base 15.
700
Convert -40804 (base 9) to base 12.
-13694
What is 5726 (base 8) in base 3?
11011020
77 (base 15) to base 5
422
Convert 169 (base 10) to base 11.
144
Convert 44335 (base 7) to base 10.
11149
Convert -24412 (base 6) to base 13.
-1847
10100100010100 (base 2) to base 14
3b92
What is 1100110111 (base 3) in base 11?
18a75
What is 38 (base 16) in base 13?
44
-332230 (base 5) to base 4
-2310231
Convert -100000110110 (base 2) to base 9.
-2785
Convert -abd3 (base 15) to base 14.
-d3b9
-144a (base 15) to base 7
-15445
-4ac2 (base 16) to base 2
-100101011000010
What is 9b2b (base 12) in base 5?
1022141
Convert -41b4 (base 12) to base 9.
-10771
24112 (base 5) to base 7
5124
Convert -253 (base 6) to base 16.
-69
Convert -31130 (base 9) to base 3.
-1001011000
Convert -8184 (base 13) to base 16.
-45bd
10100111001 (base 2) to base 7
3620
101301 (base 4) to base 16
471
-42 (base 16) to base 11
-60
Convert 1001000101100 (base 2) to base 11.
354a
What is 3709 (base 10) in base 15?
1174
-303 (base 10) to base 12
-213
What is 243 (base 8) in base 10?
163
ad8 (base 16) to base 5
42101
1010100001010110 (base 2) to base 14
119c2
f8ed (base 16) to base 5
4014400
-229b (base 15) to base 12
-4302
ac (base 13) to base 15
97
-122a1 (base 12) to base 4
-12000121
What is 1110100011000 (base 2) in base 12?
4388
-11a39 (base 11) to base 13
-7abc
What is -4123 (base 5) in base 14?
-2a6
Convert -716 (base 9) to base 4.
-21012
4b3a (base 16) to base 15
5a8d
-1350 (base 6) to base 2
-101100010
What is 547 (base 8) in base 13?
218
-2144 (base 7) to base 13
-470
Convert 2020 (base 7) to base 16.
2bc
What is -13120 (base 4) in base 10?
-472
What is -1011101001 (base 2) in base 13?
-454
Convert 586a (base 13) to base 14.
4757
Convert 13222202 (base 4) to base 13.
1139c
Convert -1000000010 (base 2) to base 3.
-201001
-104 (base 12) to base 5
-1043
What is 4903 (base 11) in base 6?
45412
-10011101111 (base 2) to base 13
-762
What is -1417 (base 10) in base 16?
-589
11010 (base 4) to base 12
230
What is -2565 (base 13) in base 5?
-132242
-242050 (base 7) to base 11
-30015
Convert 1315 (base 6) to base 15.
175
-348 (base 11) to base 2
-110011111
What is 2b96 (base 15) in base 13?
4356
Convert 1314531 (base 6) to base 13.
26c0b
What is -5f9 (base 16) in base 15?
-6be
What is 101001110111 (base 2) in base 7?
10545
What is 1030 (base 9) in base 14?
3c0
Convert 3025 (base 6) to base 5.
10130
Convert caa (base 13) to base 14.
b0c
-3200113 (base 4) to base 13
-66c7
What is 340 (base 12) in base 15?
220
-12212121 (base 3) to base 12
-258a
Convert -18a (base 15) to base 16.
-163
Convert -2d0 (base 16) to base 7.
-2046
What is 122003 (base 9) in base 11?
50359
Convert 4074 (base 15) to base 8.
32451
What is -1347 (base 8) in base 7?
-2111
Convert -102101021 (base 3) to base 11.
-6262
-341 (base 11) to base 2
-110011000
What is 1951 (base 12) in base 13?
1534
What is 42133 (base 5) in base 13?
136b
What is -442114 (base 5) in b